{"id":11030,"date":"2025-12-23T12:48:51","date_gmt":"2025-12-23T12:48:51","guid":{"rendered":"https:\/\/lornaearth.com\/?post_type=product&#038;p=11030"},"modified":"2025-12-23T13:21:52","modified_gmt":"2025-12-23T13:21:52","slug":"set-acondicionador-ajen","status":"publish","type":"product","link":"https:\/\/lornaearth.com\/en\/product\/set-acondicionador-ajen\/","title":{"rendered":"AJEN CONDITIONER SET"},"content":{"rendered":"<p class=\"p1\">The Ajen\u202fCare Conditioner deeply nourishes and softens the hair. Its formula, 98% natural, helps care for the hair fiber, leaving hair shinier, silkier, and easier to style.<\/p>\n<p class=\"p1\">It is designed for daily use and suitable for all hair types.<\/p>\n<p class=\"p1\">The product comes in <span class=\"s1\">a refillable and sustainable format<\/span> format designed to reduce plastic waste and support a more environmentally friendly beauty routine.<\/p>\n<p class=\"p1\"><b>Available Scents:<\/b><b><\/b><\/p>\n<p class=\"p2\">\u2022 <span class=\"s1\"><b>Citruspeper:<\/b><\/span> citrusy and energizing <span class=\"s1\"><b>scent<\/b><\/span> with notes of lemon, mandarin, and bergamot combined with spicy ginger, black pepper, and sage, leaving a fresh and uplifting scent.<span class=\"Apple-converted-space\">\u00a0 <\/span><\/p>\n<p class=\"p2\">\u2022 <span class=\"s1\"><b>Wilderloof:<\/b><\/span> A woody, subtle, and relaxing <span class=\"s1\"><b>scent<\/b><\/span> with notes of cedarwood, clove, amber, and coriander, offering a more balanced and fresh olfactory experience.<\/p>\n<p>{{detalles}}<\/p>\n<p>\u00b7 Made in The Netherlands<\/p>\n<p>98% natural origin ingredients<\/p>\n<p>\u00b7 450 ml<\/p>\n<p>{{\/detalles}}<\/p>\n<p>{{instrucciones}}<\/p>\n<p>{{\/instrucciones}}<\/p>","protected":false},"excerpt":{"rendered":"<p>El acondicionador de Ajen Care nutre y suaviza el cabello en profundidad. Su f\u00f3rmula de 98% origen natural ayuda a cuidar la fibra capilar, dejando el pelo m\u00e1s brillante, sedoso y f\u00e1cil de peinar. Est\u00e1 pensado para un uso diario y para todo tipo de cabellos. El producto se presenta en formato recargable y sostenible<a class=\"more-link\" href=\"https:\/\/lornaearth.com\/en\/product\/set-acondicionador-ajen\/\">Read more  &#10230;<\/a><\/p>","protected":false},"featured_media":11040,"template":"","meta":{"om_disable_all_campaigns":false,"_monsterinsights_skip_tracking":false,"_monsterinsights_sitenote_active":false,"_monsterinsights_sitenote_note":"","_monsterinsights_sitenote_category":0,"_uf_show_specific_survey":0,"_uf_disable_surveys":false},"product_brand":[],"product_cat":[70,103],"product_tag":[],"class_list":{"0":"post-11030","1":"product","2":"type-product","3":"status-publish","4":"has-post-thumbnail","6":"product_cat-autocuidado","7":"product_cat-under-50","9":"first","10":"instock","11":"taxable","12":"shipping-taxable","13":"purchasable","14":"product-type-variable"},"_links":{"self":[{"href":"https:\/\/lornaearth.com\/en\/wp-json\/wp\/v2\/product\/11030","targetHints":{"allow":["GET"]}}],"collection":[{"href":"https:\/\/lornaearth.com\/en\/wp-json\/wp\/v2\/product"}],"about":[{"href":"https:\/\/lornaearth.com\/en\/wp-json\/wp\/v2\/types\/product"}],"wp:featuredmedia":[{"embeddable":true,"href":"https:\/\/lornaearth.com\/en\/wp-json\/wp\/v2\/media\/11040"}],"wp:attachment":[{"href":"https:\/\/lornaearth.com\/en\/wp-json\/wp\/v2\/media?parent=11030"}],"wp:term":[{"taxonomy":"product_brand","embeddable":true,"href":"https:\/\/lornaearth.com\/en\/wp-json\/wp\/v2\/product_brand?post=11030"},{"taxonomy":"product_cat","embeddable":true,"href":"https:\/\/lornaearth.com\/en\/wp-json\/wp\/v2\/product_cat?post=11030"},{"taxonomy":"product_tag","embeddable":true,"href":"https:\/\/lornaearth.com\/en\/wp-json\/wp\/v2\/product_tag?post=11030"}],"curies":[{"name":"wp","href":"https:\/\/api.w.org\/{rel}","templated":true}]}}

<p>El acondicionador de Ajen Care nutre y suaviza el cabello en profundidad. Su fórmula de 98% origen natural ayuda a cuidar la fibra capilar, dejando el pelo más brillante, sedoso y fácil de peinar. Está pensado para un uso diario y para todo tipo de cabellos. El producto se presenta en formato recargable y sostenible<a class="more-link" href="https://lornaearth.com/en/product/set-acondicionador-ajen/">Read more  &#10230;</a></p>
